{"id":17,"date":"2023-07-05T09:34:59","date_gmt":"2023-07-05T07:34:59","guid":{"rendered":"https:\/\/bip.akademiakopernikanska.gov.pl\/?page_id=17"},"modified":"2024-05-15T12:58:00","modified_gmt":"2024-05-15T10:58:00","slug":"bip-szkola-glowna-mikolaja-kopernika","status":"publish","type":"page","link":"https:\/\/bip.akademiakopernikanska.gov.pl\/","title":{"rendered":"BIP Akademia Kopernika\u0144ska"},"content":{"rendered":"<p>[et_pb_section fb_built=&#8221;1&#8243; _builder_version=&#8221;4.17.4&#8243; _module_preset=&#8221;default&#8221; custom_margin=&#8221;0px||||false|false&#8221; custom_padding=&#8221;0px||||false|false&#8221; global_colors_info=&#8221;{}&#8221; theme_builder_area=&#8221;post_content&#8221;][et_pb_row _builder_version=&#8221;4.21.0&#8243; _module_preset=&#8221;default&#8221; theme_builder_area=&#8221;post_content&#8221; custom_padding=&#8221;|||0px||&#8221; max_width=&#8221;100%&#8221; width=&#8221;100%&#8221; hover_enabled=&#8221;0&#8243; sticky_enabled=&#8221;0&#8243; custom_margin=&#8221;-23px|auto||auto||&#8221;][et_pb_column _builder_version=&#8221;4.21.0&#8243; _module_preset=&#8221;default&#8221; type=&#8221;4_4&#8243; theme_builder_area=&#8221;post_content&#8221; custom_padding=&#8221;0px|0px|0px|0px|false|false&#8221; hover_enabled=&#8221;0&#8243; sticky_enabled=&#8221;0&#8243;][et_pb_text _builder_version=&#8221;4.21.0&#8243; _module_preset=&#8221;default&#8221; theme_builder_area=&#8221;post_content&#8221; hover_enabled=&#8221;0&#8243; sticky_enabled=&#8221;0&#8243; custom_padding=&#8221;||57px|||&#8221;]<\/p>\n<h2><strong>Wizja Akademii Kopernika\u0144skiej \/AK\/<\/strong><\/h2>\n<p>Akademia Kopernika\u0144ska ma ambicj\u0119 sta\u0107 si\u0119 \u015bwiatowej s\u0142awy centrum nauki, kt\u00f3re b\u0119dzie kontynuowa\u0107 dzie\u0142o Miko\u0142aja Kopernika i inspirowa\u0107 aktualne i przysz\u0142e pokolenia do odkrywania i kszta\u0142towania Polski i \u015bwiata poprzez nauk\u0119. Promocja polskiej nauki na arenie mi\u0119dzynarodowej. \u00a0\u00a0\u00a0 <strong>\u00a0\u00a0\u00a0\u00a0\u00a0\u00a0\u00a0\u00a0\u00a0\u00a0\u00a0\u00a0\u00a0\u00a0\u00a0 \u00a0\u00a0\u00a0\u00a0\u00a0\u00a0\u00a0\u00a0\u00a0\u00a0\u00a0\u00a0\u00a0\u00a0\u00a0 \u00a0\u00a0\u00a0\u00a0\u00a0\u00a0\u00a0\u00a0\u00a0\u00a0\u00a0\u00a0\u00a0\u00a0\u00a0\u00a0\u00a0\u00a0\u00a0\u00a0\u00a0\u00a0\u00a0\u00a0\u00a0\u00a0\u00a0\u00a0\u00a0\u00a0 <\/strong><\/p>\n<h2><strong>Misja Akademii Kopernika\u0144skiej \/AK\/<\/strong><strong>\u00a0\u00a0\u00a0\u00a0\u00a0\u00a0\u00a0\u00a0\u00a0\u00a0\u00a0\u00a0\u00a0\u00a0\u00a0\u00a0\u00a0\u00a0\u00a0\u00a0\u00a0\u00a0\u00a0\u00a0\u00a0\u00a0\u00a0\u00a0\u00a0\u00a0\u00a0\u00a0\u00a0\u00a0\u00a0\u00a0\u00a0\u00a0\u00a0\u00a0\u00a0\u00a0\u00a0\u00a0\u00a0\u00a0\u00a0\u00a0\u00a0\u00a0\u00a0\u00a0\u00a0\u00a0\u00a0\u00a0\u00a0\u00a0\u00a0\u00a0\u00a0\u00a0\u00a0\u00a0\u00a0\u00a0\u00a0\u00a0\u00a0\u00a0\u00a0\u00a0\u00a0\u00a0 <\/strong><\/h2>\n<p>Kultywowanie dziedzictwa Miko\u0142aja Kopernika poprzez zaanga\u017cowanie wiod\u0105cych naukowc\u00f3w polski i \u015bwiata w badania i debaty naukowe wok\u00f3\u0142 5 dyscyplin kopernika\u0144skich w celu utwierdzenia Akademii jako platformy mi\u0119dzynarodowej o \u015bwiatowej s\u0142awie.<\/p>\n<p>[\/et_pb_text][\/et_pb_column][\/et_pb_row][et_pb_row column_structure=&#8221;1_2,1_2&#8243; _builder_version=&#8221;4.17.4&#8243; _module_preset=&#8221;default&#8221; width=&#8221;100%&#8221; custom_padding=&#8221;0px||||false|false&#8221; global_colors_info=&#8221;{}&#8221; theme_builder_area=&#8221;post_content&#8221;][et_pb_column type=&#8221;1_2&#8243; _builder_version=&#8221;4.17.4&#8243; _module_preset=&#8221;default&#8221; global_colors_info=&#8221;{}&#8221; theme_builder_area=&#8221;post_content&#8221;][et_pb_text _builder_version=&#8221;4.21.0&#8243; _module_preset=&#8221;default&#8221; text_line_height=&#8221;120%&#8221; header_4_line_height=&#8221;2rem&#8221; global_colors_info=&#8221;{}&#8221; theme_builder_area=&#8221;post_content&#8221; min_height=&#8221;151.2px&#8221;]<\/p>\n<h4>Dane og\u00f3lne<\/h4>\n<p>Akademia Kopernika\u0144ska<\/p>\n<p>ul. Nowogrodzka 47a, 00-695 Warszawa<\/p>\n<p>NIP: 7911132393<\/p>\n<p>REGON: 524649120<\/p>\n<p>[\/et_pb_text][\/et_pb_column][et_pb_column type=&#8221;1_2&#8243; _builder_version=&#8221;4.17.4&#8243; _module_preset=&#8221;default&#8221; global_colors_info=&#8221;{}&#8221; theme_builder_area=&#8221;post_content&#8221;][\/et_pb_column][\/et_pb_row][\/et_pb_section]<\/p>\n","protected":false},"excerpt":{"rendered":"<p>Wizja Akademii Kopernika\u0144skiej \/AK\/ Akademia Kopernika\u0144ska ma ambicj\u0119 sta\u0107 si\u0119 \u015bwiatowej s\u0142awy centrum nauki, kt\u00f3re b\u0119dzie kontynuowa\u0107 dzie\u0142o Miko\u0142aja Kopernika i inspirowa\u0107 aktualne i przysz\u0142e pokolenia do odkrywania i kszta\u0142towania Polski i \u015bwiata poprzez nauk\u0119. Promocja polskiej nauki na arenie mi\u0119dzynarodowej. \u00a0\u00a0\u00a0 \u00a0\u00a0\u00a0\u00a0\u00a0\u00a0\u00a0\u00a0\u00a0\u00a0\u00a0\u00a0\u00a0\u00a0\u00a0 \u00a0\u00a0\u00a0\u00a0\u00a0\u00a0\u00a0\u00a0\u00a0\u00a0\u00a0\u00a0\u00a0\u00a0\u00a0 \u00a0\u00a0\u00a0\u00a0\u00a0\u00a0\u00a0\u00a0\u00a0\u00a0\u00a0\u00a0\u00a0\u00a0\u00a0\u00a0\u00a0\u00a0\u00a0\u00a0\u00a0\u00a0\u00a0\u00a0\u00a0\u00a0\u00a0\u00a0\u00a0\u00a0 Misja Akademii Kopernika\u0144skiej \/AK\/\u00a0\u00a0\u00a0\u00a0\u00a0\u00a0\u00a0\u00a0\u00a0\u00a0\u00a0\u00a0\u00a0\u00a0\u00a0\u00a0\u00a0\u00a0\u00a0\u00a0\u00a0\u00a0\u00a0\u00a0\u00a0\u00a0\u00a0\u00a0\u00a0\u00a0\u00a0\u00a0\u00a0\u00a0\u00a0\u00a0\u00a0\u00a0\u00a0\u00a0\u00a0\u00a0\u00a0\u00a0\u00a0\u00a0\u00a0\u00a0\u00a0\u00a0\u00a0\u00a0\u00a0\u00a0\u00a0\u00a0\u00a0\u00a0\u00a0\u00a0\u00a0\u00a0\u00a0\u00a0\u00a0\u00a0\u00a0\u00a0\u00a0\u00a0\u00a0\u00a0\u00a0\u00a0 Kultywowanie dziedzictwa Miko\u0142aja Kopernika poprzez zaanga\u017cowanie [&hellip;]<\/p>\n","protected":false},"author":4,"featured_media":0,"parent":0,"menu_order":0,"comment_status":"closed","ping_status":"closed","template":"","meta":{"_et_pb_use_builder":"on","_et_pb_old_content":"","_et_gb_content_width":"","footnotes":""},"class_list":["post-17","page","type-page","status-publish","hentry"],"_links":{"self":[{"href":"https:\/\/bip.akademiakopernikanska.gov.pl\/index.php?rest_route=\/wp\/v2\/pages\/17","targetHints":{"allow":["GET"]}}],"collection":[{"href":"https:\/\/bip.akademiakopernikanska.gov.pl\/index.php?rest_route=\/wp\/v2\/pages"}],"about":[{"href":"https:\/\/bip.akademiakopernikanska.gov.pl\/index.php?rest_route=\/wp\/v2\/types\/page"}],"author":[{"embeddable":true,"href":"https:\/\/bip.akademiakopernikanska.gov.pl\/index.php?rest_route=\/wp\/v2\/users\/4"}],"replies":[{"embeddable":true,"href":"https:\/\/bip.akademiakopernikanska.gov.pl\/index.php?rest_route=%2Fwp%2Fv2%2Fcomments&post=17"}],"version-history":[{"count":13,"href":"https:\/\/bip.akademiakopernikanska.gov.pl\/index.php?rest_route=\/wp\/v2\/pages\/17\/revisions"}],"predecessor-version":[{"id":505,"href":"https:\/\/bip.akademiakopernikanska.gov.pl\/index.php?rest_route=\/wp\/v2\/pages\/17\/revisions\/505"}],"wp:attachment":[{"href":"https:\/\/bip.akademiakopernikanska.gov.pl\/index.php?rest_route=%2Fwp%2Fv2%2Fmedia&parent=17"}],"curies":[{"name":"wp","href":"https:\/\/api.w.org\/{rel}","templated":true}]}}

BIP Akademia Kopernikańska

<p>[et_pb_section fb_built=&#8221;1&#8243; _builder_version=&#8221;4.17.4&#8243; _module_preset=&#8221;default&#8221; custom_margin=&#8221;0px||||false|false&#8221; custom_padding=&#8221;0px||||false|false&#8221; global_colors_info=&#8221;{}&#8221; theme_builder_area=&#8221;post_content&#8221;][et_pb_row _builder_version=&#8221;4.21.0&#8243; _module_preset=&#8221;default&#8221; theme_builder_area=&#8221;post_content&#8221; custom_padding=&#8221;|||0px||&#8221; max_width=&#8221;100%&#8221; width=&#8221;100%&#8221; hover_enabled=&#8221;0&#8243; sticky_enabled=&#8221;0&#8243; custom_margin=&#8221;-23px|auto||auto||&#8221;][et_pb_column _builder_version=&#8221;4.21.0&#8243; _module_preset=&#8221;default&#8221; type=&#8221;4_4&#8243; theme_builder_area=&#8221;post_content&#8221; custom_padding=&#8221;0px|0px|0px|0px|false|false&#8221; hover_enabled=&#8221;0&#8243; sticky_enabled=&#8221;0&#8243;][et_pb_text _builder_version=&#8221;4.21.0&#8243; _module_preset=&#8221;default&#8221; theme_builder_area=&#8221;post_content&#8221; hover_enabled=&#8221;0&#8243; sticky_enabled=&#8221;0&#8243; custom_padding=&#8221;||57px|||&#8221;]</p>
<h2><strong>Wizja Akademii Kopernikańskiej /AK/</strong></h2>
<p>Akademia Kopernikańska ma ambicję stać się światowej sławy centrum nauki, które będzie kontynuować dzieło Mikołaja Kopernika i inspirować aktualne i przyszłe pokolenia do odkrywania i kształtowania Polski i świata poprzez naukę. Promocja polskiej nauki na arenie międzynarodowej.     <strong>                                                               </strong></p>
<h2><strong>Misja Akademii Kopernikańskiej /AK/</strong><strong>                                                                           </strong></h2>
<p>Kultywowanie dziedzictwa Mikołaja Kopernika poprzez zaangażowanie wiodących naukowców polski i świata w badania i debaty naukowe wokół 5 dyscyplin kopernikańskich w celu utwierdzenia Akademii jako platformy międzynarodowej o światowej sławie.</p>
<p>[/et_pb_text][/et_pb_column][/et_pb_row][et_pb_row column_structure=&#8221;1_2,1_2&#8243; _builder_version=&#8221;4.17.4&#8243; _module_preset=&#8221;default&#8221; width=&#8221;100%&#8221; custom_padding=&#8221;0px||||false|false&#8221; global_colors_info=&#8221;{}&#8221; theme_builder_area=&#8221;post_content&#8221;][et_pb_column type=&#8221;1_2&#8243; _builder_version=&#8221;4.17.4&#8243; _module_preset=&#8221;default&#8221; global_colors_info=&#8221;{}&#8221; theme_builder_area=&#8221;post_content&#8221;][et_pb_text _builder_version=&#8221;4.21.0&#8243; _module_preset=&#8221;default&#8221; text_line_height=&#8221;120%&#8221; header_4_line_height=&#8221;2rem&#8221; global_colors_info=&#8221;{}&#8221; theme_builder_area=&#8221;post_content&#8221; min_height=&#8221;151.2px&#8221;]</p>
<h4>Dane ogólne</h4>
<p>Akademia Kopernikańska</p>
<p>ul. Nowogrodzka 47a, 00-695 Warszawa</p>
<p>NIP: 7911132393</p>
<p>REGON: 524649120</p>
<p>[/et_pb_text][/et_pb_column][et_pb_column type=&#8221;1_2&#8243; _builder_version=&#8221;4.17.4&#8243; _module_preset=&#8221;default&#8221; global_colors_info=&#8221;{}&#8221; theme_builder_area=&#8221;post_content&#8221;][/et_pb_column][/et_pb_row][/et_pb_section]</p>

<p>Wizja Akademii Kopernikańskiej /AK/ Akademia Kopernikańska ma ambicję stać się światowej sławy centrum nauki, które będzie kontynuować dzieło Mikołaja Kopernika i inspirować aktualne i przyszłe pokolenia do odkrywania i kształtowania Polski i świata poprzez naukę. Promocja polskiej nauki na arenie międzynarodowej.                                                                    Misja Akademii Kopernikańskiej /AK/                                                                           Kultywowanie dziedzictwa Mikołaja Kopernika poprzez zaangażowanie [&hellip;]</p>
